Does 19 divide 966173541?
True
Does 75 divide 32302200?
True
Does 3 divide 92492465?
False
Is 49785621 a multiple of 2811?
True
Is 69 a factor of 2114648796?
True
Is 69 a factor of 170201428?
False
Does 6523 divide 1138565710?
False
Does 2028 divide 81618888?
True
Is 144060 a multiple of 6?
True
Is 17 a factor of 1934362?
True
Does 1211 divide 816309827?
False
Does 7 divide 5396195?
True
Is 184 a factor of 120737120?
True
Is 24671495 a multiple of 961?
False
Is 28 a factor of 63004956?
True
Is 23 a factor of 26132577?
True
Is 6 a factor of 163495877?
False
Does 70 divide 206600730?
True
Is 160 a factor of 66781120?
True
Is 515083581 a multiple of 167?
False
Does 2012 divide 257942424?
True
Is 2443 a factor of 434453348?
True
Is 362 a factor of 101151126?
True
Is 185 a factor of 46163975?
True
Is 22120108 a multiple of 4?
True
Is 71 a factor of 139586396?
False
Does 31 divide 350592001?
False
Is 32 a factor of 304896?
True
Does 99 divide 5159966?
False
Is 3130292 a multiple of 72?
False
Is 15206026 a multiple of 1633?
False
Is 57 a factor of 311027340?
True
Is 543490456 a multiple of 33?
False
Does 2 divide 9141085?
False
Does 46 divide 107217917?
False
Is 1189 a factor of 2041122?
False
Does 11 divide 23087885?
False
Does 53 divide 4841830?
False
Is 11 a factor of 1311134?
True
Does 5850 divide 330951482?
False
Does 61 divide 6295053347?
False
Does 5 divide 3589261?
False
Does 10 divide 49306900?
True
Does 2609 divide 109800142?
False
Is 1711 a factor of 160361764?
True
Is 17 a factor of 51945727?
True
Does 6083 divide 984618712?
True
Does 17 divide 422776766?
False
Is 4286179594 a multiple of 10?
False
Is 26168357 a multiple of 15?
False
Is 167 a factor of 141068866?
False
Is 59112056 a multiple of 2056?
True
Is 39358438 a multiple of 13?
False
Is 4 a factor of 374594032?
True
Is 6 a factor of 47836470?
True
Is 21859024 even?
True
Is 39829183 a multiple of 7?
False
Is 9880846 a multiple of 7?
False
Does 129 divide 1089879720?
True
Does 3307 divide 1013463220?
True
Is 28 a factor of 28282016?
True
Is 342 a factor of 25852558?
False
Does 4 divide 1522676384?
True
Is 112 a factor of 421411088?
True
Does 25 divide 375243352?
False
Is 4047495 a multiple of 41?
False
Is 25648610 a multiple of 65?
True
Does 15 divide 12185112?
False
Does 115 divide 182774675?
True
Is 206412245 a multiple of 365?
True
Is 115704810 a multiple of 24?
False
Is 108 a factor of 48834837?
False
Is 11312653 a multiple of 834?
False
Is 119949648 a multiple of 12?
True
Is 401915000 a multiple of 3100?
True
Is 3666715500 a multiple of 14?
True
Does 778 divide 539508464?
False
Is 142098722 a multiple of 109?
True
Is 176 a factor of 234299?
False
Does 27 divide 6983845?
False
Is 465363126 a multiple of 2978?
True
Is 3927 a factor of 265194237?
True
Does 12 divide 922221660?
True
Does 816 divide 2579376?
True
Is 31702398 a multiple of 62?
True
Is 13106422 a multiple of 76?
False
Does 514 divide 39875778?
False
Is 7041756 a multiple of 6?
True
Is 88892830 a multiple of 646?
True
Is 624136266 a multiple of 9126?
True
Is 14 a factor of 42714016?
False
Does 38 divide 53179632?
True
Is 344429426 a multiple of 886?
False
Is 1659 a factor of 249526872?
True
Is 40387440 a multiple of 40?
True
Is 190294694 a multiple of 2494?
True
Does 11 divide 24597298?
True
Is 151355250 a multiple of 4590?
True
Does 16 divide 37174640?
True
Is 406656108 a multiple of 6?
True
Is 143 a factor of 624269195?
False
Does 1508 divide 8215061?
False
Is 2449 a factor of 1509215842?
True
Does 94 divide 8476157?
False
Does 17 divide 89539173?
False
Is 33 a factor of 205318331?
False
Is 109 a factor of 152961857?
False
Does 228 divide 18101832?
True
Does 79 divide 724066072?
False
Is 6377 a factor of 1366833426?
True
Is 4445109 a multiple of 867?
True
Is 8038436 a multiple of 132?
False
Is 5549 a factor of 944589623?
True
Is 530156 a multiple of 4?
True
Is 3466322230 a multiple of 9730?
True
Does 20 divide 766535463?
False
Does 4585 divide 1095026086?
False
Does 181 divide 1098180757?
True
Is 188090940 a multiple of 30?
True
Is 55 a factor of 100016621?
False
Is 43724322 a multiple of 1234?
True
Is 4 a factor of 13205972?
True
Is 1666 a factor of 663233022?
False
Does 207 divide 219817026?
True
Does 369 divide 1096959879?
True
Is 5207819 a multiple of 27?
False
Does 8 divide 491594952?
True
Is 4918493438 a multiple of 1574?
True
Is 1761 a factor of 1167750798?
True
Is 2065300 a multiple of 475?
True
Does 83 divide 2804232?
False
Is 7084779 a multiple of 177?
True
Is 4199202 a multiple of 98?
True
Is 28364060 a multiple of 3130?
True
Is 16 a factor of 14904650?
False
Is 12 a factor of 684730464?
True
Is 196556908 a multiple of 65?
False
Is 3311690 a multiple of 89?
True
Does 17 divide 2318661739?
True
Is 368726844 a multiple of 2679?
True
Does 31 divide 262604100?
True
Is 24369383 a multiple of 1112?
False
Is 1000828259 a multiple of 23?
False
Does 950 divide 180206450?
True
Is 297440058 a multiple of 30?
False
Is 486 a factor of 13472892?
True
Is 157 a factor of 12245185?
False
Is 20 a factor of 96167489?
False
Is 4446 a factor of 1150129011?
False
Is 340 a factor of 7066859?
False
Is 484806565 a multiple of 10000?
False
Is 17861386 a multiple of 68?
False
Does 178 divide 373638910?
True
Is 2309990722 a multiple of 603?
False
Is 420 a factor of 13911660?
True
Does 20 divide 2848120548?
False
Is 1355872 a multiple of 64?
False
Does 2594 divide 3504963514?
True
Is 3305268624 a multiple of 1376?
False
Does 89 divide 16061002?
False
Is 256 a factor of 1373545?
False
Is 10 a factor of 50213060?
True
Is 109699722 a multiple of 1017?
True
Is 12 a factor of 294797911?
False
Does 642 divide 554158350?
True
Is 26 a factor of 89203114?
True
Does 2045 divide 137657130?
True
Is 3995694 a multiple of 1597?
True
Is 976 a factor of 145707040?
True
Is 24 a factor of 31978184?
False
Is 676788776 a multiple of 1354?
True
Is 50740484 a multiple of 92?
True
Does 3 divide 59991647?
False
Does 3911 divide 24980020?
False
Is 15488422 a multiple of 2313?
False
Does 651 divide 2564839746?
True
Is 4 a factor of 5651156?
True
Does 16 divide 124610123?
False
Is 6416 a factor of 701255968?
True
Is 3141636 a multiple of 562?
False
Is 12 a factor of 326053?
False
Is 1868 a factor of 26251179?
False
Is 243 a factor of 284078907?
True
Is 806016 a multiple of 6?
True
Is 290 a factor of 148130219?
False
Is 1671516 even?
True
Is 3874170 a multiple of 1875?
False
Does 3468 divide 377055289?
False
Does 23 divide 27183843?
False
Is 33 a factor of 1756130?
False
Is 317110545 a multiple of 405?
True
Is 996274033 a multiple of 219?
False
Is 593 a factor of 20062969?
True
Does 329 divide 11107836?
False
Is 357 a factor of 153218331?
True
Is 374 a factor of 6273850?
True
Is 22 a factor of 148773636?
True
Is 120 a factor of 132144877?
False
Is 13 a factor of 1173184277?
False
Is 97 a factor of 5121697?
True
Is 222 a factor of 1638246607?
False
Does 167 divide 96157169?
False
Is 1488643676 a multiple of 26?
True
Is 49210245 a multiple of 435?
True
Does 515 divide 19383083?
False
Is 1516 a factor of 3745510197?
False
Is 357561018 a multiple of 125?
False
Is 7 a factor of 265251805?
True
Is 12 a factor of 47338829?
False
Is 22092180 a multiple of 33?
True
Does 62 divide 61456081?
False
Is 1871 a factor of 53127045?
True
Does 731 divide 477383936?
True
Is 767932415 a multiple of 5?
True
Does 1238 divide 391571972?
True
Is 71598799 a multiple of 308?
False
Is 16740633 a multiple of 371?
True
Is 43 a factor of 15585192?
False
Is 18 a factor of 15464934?
True
Does 4 divide 14785468?
True
Is 744795584 a multiple of 114?
False
Does 441 divide 1650585825?
True
Is 1716 a factor of 40573104?
True
Is 2323 a factor of 3370848230?
False
Is 201334740 a multiple of 12?
True
Does 207 divide 21224341?
False
Is 19532052 a multiple of 12?
True
Is 21 a factor of 100141542?
False
Is 133006334 a multiple of 8?
False
Does 101 divide 41100233?
True
Is 88 a factor of 107008520?
False
Is 3408390198 a multiple of 149?
True
Is 40861176 a multiple of 24?
True
Is 31 a factor of 1476870995?
False
Does 1637 divide 171598525?
True
Does 13 divide 48980620?
True
Is 39490526 a multiple of 56?
False
Does 31 divide 40076955?
True
Is 29 a factor of 1211049769?
False
Is 1527 a factor of 16266384